
2
Let u(q) = -q**2 + 9*q - 1. Let v(n) = n**2 - n - 13. Let d be v(-4). Give u(d).
13
Let a(w) = 3*w**2 + w**3 + 2*w + 0*w - 1 + w. Let u = -10 + 19. Let s be (u/(-6))/((-2)/(-4)). Calculate a(s).
-10
Suppose 0 = -4*z + 8, 5*z - 4*z - 17 = -h. Suppose 3*x = -h + 3. Let o(m) = -2 + m**3 - m**2 + 5*m**2 - 1. Give o(x).
-3
Let q(f) = -2*f - 1. Suppose -3*w - 5*m = -w + 15, -3*m = 15. Let u = w - 7. Calculate q(u).
3
Let x(q) be the second derivative of -q**3/2 + q**2/2 + 2*q. Let w(r) = 2*r - 4. Let h be w(3). Suppose -h*v = 5*i - 19, v - 8 = -i - i. Give x(i).
-8
Let j(x) be the first derivative of -x**6/120 - x**5/12 - x**4/24 + 5*x**3/6 - x**2/2 - 2. Let q(a) be the second derivative of j(a). Determine q(-4).
-7
Let r(i) = 356*i**3 + 3*i + 5*i + 1 - 7*i**2 - 355*i**3. Let l = -8 - -14. Give r(l).
13
Suppose 8 = 8*z - 9*z. Let w(p) = p**3 + 9*p**2 + 6*p - 3. Give w(z).
13
Let k(j) be the second derivative of j**3/3 - j**2/2 - 6*j. Let l = -7 - -4. Determine k(l).
-7
Let v(a) = -a - 6. Suppose -2 = 6*h - 5*h. Let t(m) be the third derivative of m**6/120 + m**5/60 + m**4/12 + m**3/3 + 2*m**2. Let w be t(h). What is v(w)?
0
Suppose 2*d = 7*d - 25. Let f(g) = g**3 - 4*g**2 - 5*g + 5. Calculate f(d).
5
Let z(r) = 0*r - 2 + 0*r**2 + 2*r**2 + 3 - r. Suppose -p + 2*y + 6 = -3, 0 = -3*y - 6. Suppose 0 = -p*o + 8 - 3. What is z(o)?
2
Let k = 2 - 2. Suppose k = -y + 4*y - 21. Let m(u) = -3*u + 0*u - y + 0 + u**2. Determine m(5).
3
Suppose -2*q + 5 = -3*q + u, -5*u = -q - 17. Let s be (-6)/q + 2 + -4. Let o(d) = -14*d + 1. What is o(s)?
-13
Let z(y) = 5*y + 2. Let o be 4*(3 + 15/(-4)). Let m be o/9*-3*-2. Give z(m).
-8
Let a be (-18)/(1 - -2) + -2. Let k = -3 - a. Let v(h) = -h + 8. Give v(k).
3
Let b = 21 - 21. Let v(r) = r**3 + r**2 + r - 10. Give v(b).
-10
Let s(l) be the second derivative of l**3/6 - l**2 - 8*l. Determine s(-5).
-7
Let d(p) = -7*p**2 - 1. Suppose -2*o + 30 = 3*o. Suppose o*q + 2*k = 2*q + 30, 4*k = 20. Let u(x) = -x**2 + 6*x - 6. Let z be u(q). What is d(z)?
-8
Suppose 9*j = 13*j + 12. Let n(s) = -3*s**3 + 3*s**2 + 5*s - 2. Let f(k) = -4*k**3 + 3*k**2 + 6*k - 2. Let v(c) = j*n(c) + 2*f(c). What is v(3)?
-7
Suppose -5*b - 18 = -53. Let i be (-3)/(-21) + 41/b. Let n(d) = d + 3. What is n(i)?
9
Let k(i) = i**2 - 11*i + 13. Let g be 3*6/(1 + 1). Give k(g).
-5
Let r(m) = m**2 + 5*m + 1. Let f(j) = -5*j**2 + 1. Let u be f(1). What is r(u)?
-3
Let o(q) = -q**3 + 7*q**2 + 9*q - 2. Suppose 104 = -7*k + 20*k. Give o(k).
6
Let k(u) = -u**3 + 4*u**2. Let p be k(4). Let s = p - 1. Let z(b) be the third derivative of -b**4/8 + b**3/6 - b**2. Give z(s).
4
Let v(c) = -c**3 + 3*c**2 - 3*c + 4. Suppose 5*i - i = 44. Let h = i + -8. Give v(h).
-5
Let o(u) = -u**3 + 5*u**2 + u + 7. Let y be (13 - -5)*3/9. What is o(y)?
-23
Let u = 5 - -1. Let f(q) = q - 5. What is f(u)?
1
Suppose 0 = 2*t - 38 + 2. Let f = 14 - t. Let u(x) = 2*x - 2. Calculate u(f).
-10
Let n(b) = 19*b**3 + 9 - 3 - b - 2*b**2 - 7 + 3*b. Give n(1).
18
Let u(v) be the first derivative of -v**2/2 - 5*v - 3. Calculate u(-3).
-2
Let x(y) = y + 6. Let q = 27 - 34. Calculate x(q).
-1
Let u(i) = i**3 - 2*i**2 + i + 3. Let n(v) = -v**3 + v**2 - 4. Let o(q) = 4*n(q) + 5*u(q). What is o(5)?
-1
Let m(l) = -l**3 + 7*l**2 - 2*l + 10. Suppose -80 = -9*v - 17. What is m(v)?
-4
Let f = 11 - 14. Let w(n) = -2*n**2 - 2*n - 4. Determine w(f).
-16
Let h(q) be the second derivative of -q**5/20 - q**4/12 - q**3/6 + q**2 - 3*q. Let a be 5*(-3)/(-5)*1. Suppose 4*r = x + 8, -7*r + 4*r + 6 = -a*x. Give h(x).
2
Let i(o) = o**2 - 5*o. Suppose -2*g = -2*h - 23 + 5, -3*g - 5*h - 13 = 0. Let d(l) = -l**2 - 5*l - 4. Let t be d(-4). Let q = t + g. Determine i(q).
-4
Let p(i) be the first derivative of i**2/2 - 8*i - 3. Suppose -20*o + 18*o = 0. Give p(o).
-8
Let f(b) = -b - 3. Let m(p) = 7*p - 46. Let l be m(7). Give f(l).
-6
Let m(p) = p**3 + p**2 - 3*p. Let d(t) = -17*t**3 - 4*t**2 + 15*t. Let c(l) = d(l) + 5*m(l). Let a be 2 + (0 - 1/1). Calculate c(a).
-11
Let j(p) be the third derivative of p**7/2520 - p**6/720 - p**5/60 - 6*p**2. Let l(i) be the third derivative of j(i). Calculate l(4).
7
Let b(m) be the first derivative of m**6/360 + m**5/30 + m**4/8 + 5*m**3/3 - 5. Let u(x) be the third derivative of b(x). Calculate u(-4).
3
Let y(l) = l**3 - 2*l**2 - 1. Suppose 4*g - 19 = 9. Suppose -2*u - g = -4*u - w, -10 = -3*u - w. Determine y(u).
8
Let w be (-1)/(((-6)/9)/2). Suppose j = -2*j - w. Let l(d) = d**3 - d**2 - d - 1. Calculate l(j).
-2
Let j(k) be the second derivative of -2*k**5/5 - k**4/6 - k**3/6 + 11*k. Calculate j(-1).
7
Let x(v) = -2*v - 2. Let t be ((-5)/(-3))/((-3)/(-9)). Suppose b = t*b + 2*d - 74, -2*d = -5*b + 106. Suppose -7*w = -3*w + b. Determine x(w).
8
Let r(w) be the third derivative of -w**6/120 - w**5/15 + w**4/8 - w**3/6 - 13*w**2. What is r(-5)?
9
Let v(y) = -3*y**2 + 2*y - 1. Let x(w) = w**2 + w. Let o(t) = v(t) + 4*x(t). Determine o(-6).
-1
Suppose -s = s + 8. Let v(p) = p**2 - 2*p**2 + 2 - 22*p + 18*p. Calculate v(s).
2
Suppose -5*i = 74 - 54. Let l(a) = -a**2 + 1. What is l(i)?
-15
Let v = 0 - -1. Let s(q) = v - 1 + 0 + 6*q. Suppose 6*u - 2*r = 3*u + 13, 5*u + r = 0. Determine s(u).
6
Let q(h) = 10*h**3 - 7*h**2 + 10*h - 11. Let m(z) = 3*z**3 - 2*z**2 + 3*z - 4. Let r(p) = -7*m(p) + 2*q(p). Let w be ((-2)/4)/(1/2). Let i = -1 - w. Give r(i).
6
Suppose 3*q - 8*q - 29 = -4*w, 17 = -3*w - 4*q. Let t(g) = -12*g**2 + 1. What is t(w)?
-11
Let z(t) be the second derivative of -t**7/840 + t**6/180 + t**5/120 + t**4/8 - 5*t**3/6 - 4*t. Let q(f) be the second derivative of z(f). What is q(3)?
-3
Suppose 7*b - 3 = 6*b. Let a(p) = b*p + p**3 + 4*p**2 + 5 + 2*p**2 - p - 3. Give a(-6).
-10
Let q(y) = y**3 - 5*y**2 - y + 5. Let a be q(5). Let g(i) = -7 + 0*i + 5*i - 4*i. Determine g(a).
-7
Let u(w) be the third derivative of w**5/60 + 7*w**4/24 + 2*w**3/3 - 4*w**2 - 5*w. What is u(-7)?
4
Let x(n) be the first derivative of -n**4/24 - 11*n**3/6 + n**2 - 1. Let b(j) be the second derivative of x(j). Give b(-6).
-5
Let m(b) = 10*b - 1. Let w(a) = -21*a + 2. Let p(k) = 7*m(k) + 3*w(k). What is p(2)?
13
Let w(l) = -l**2 + l - 1. Let o(p) = -5*p**2 + 4*p - 5. Let v(c) = -o(c) + 6*w(c). Let g(z) = -z**3 + 3*z**2 - 2*z + 2. Let h be g(2). What is v(h)?
-1
Let t be 2/2*(3 - 1). Let b(a) = 2 - a + t*a + 0*a - 1. What is b(6)?
7
Let z(r) = -r**3 - 7*r**2 - 4*r + 1. Let h be 162/(-30) - 6/10. Determine z(h).
-11
Let k(g) be the second derivative of -g**3/2 - 3*g**2/2 - 10*g. Calculate k(-4).
9
Let o(z) = z**3 - z. Let m(r) = -5*r + 7*r + 0*r**2 - 6*r**3 - r**2 + 1. Let q(d) = m(d) + 2*o(d). What is q(-1)?
4
Let d(p) be the first derivative of -2*p**3/3 + 4*p - 1. Let l(k) be the first derivative of d(k). Determine l(-2).
8
Let g(z) = z**2 - 7*z + 3. Let q be 8/(-28) + (111/(-7))/(-3). Calculate g(q).
-7
Let v(n) = -2*n - 9. Let p(k) = -3*k - 14. Let g = 3 - 1. Let a be ((-16)/(-2))/(g/2). Let s(d) = a*v(d) - 5*p(d). What is s(-5)?
3
Let t(u) = -4*u + 1. Let c(w) = w**3 - 6*w**2 + 6*w - 1. Let k be c(5). Let x be 1 + -3 + k + -1. Give t(x).
-3
Suppose 4*y - 5*m + 2 = -0, m = -3*y + 8. Let t(q) = -q**2 + q + 2. Give t(y).
0
Let o(s) = 5*s + 4. Let z(h) = -h. Let c(q) = -o(q) - 6*z(q). Calculate c(4).
0
Let g = -7 + 16. Let i = -3 + g. Let v(q) = 1 - 2 + 0 - i*q. What is v(1)?
-7
Let s(o) be the first derivative of 2 + 1/3*o**3 + 0*o + 2*o**2. Let a be s(-3). Let m(x) = x**3 + 4*x**2 + 3*x - 3. Calculate m(a).
-3
Let o(s) = 7*s + 3 - 9 + 0 + 0 - s**2. Determine o(6).
0
Let b(v) = -v**3 - v**2 + v + 1. Let h(f) = 7*f**3 + 4*f**2 - 6*f - 5. Let j(d) = 6*b(d) + h(d). Give j(2).
1
Let a(x) = -2*x - 6*x**2 - 2 + 2*x**2 + 0*x**2 + 5*x**2. Let l be a(4). Let m(c) = c**2 - 7*c + 4. Determine m(l).
-2
Let y(r) = -r. Suppose -4*n + 30 = -n. Suppose 4*m + m = n. Give y(m).
-2
Let w be 21/9 - (-2)/3. Let q(j) = -40 + 5*j**3 - w*j - 2*j**3 + 36 + 5*j**2 - 4*j**3. Give q(4).
0
Let s(a) be the third derivative of 0 + 2*a**2 + 0*a + 2/3*a**3 - 1/12*a**4. What is s(5)?
-6
Let z(i) be the first derivative of i**4/4 + 2*i**3/3 - i + 1. Let j be z(-2). Let l(v) = 7 - 1 - 6*v + v - 7. Determine l(j).
4
Let z(i) = 0 + 0*i**3 + i**3 + 0*i**2 - 3*i - 4*i**2 + 2. Calculate z(4).
-10
Let p(l) = 2*l - 7. Let q = 23 - 2. Suppose 4*m - m = q